undred thousands digit of 579445?
5
What is the hundred thousands digit of 437487?
4
What is the thousands digit of 974329?
4
What is the units digit of 51323?
3
What is the units digit of 10619290?
0
What is the hundreds digit of 6009457?
4
What is the tens digit of 958628?
2
What is the ten thousands digit of 827346?
2
What is the hundred thousands digit of 4639504?
6
What is the units digit of 254224?
4
What is the thousands digit of 97200?
7
What is the thousands digit of 744746?
4
What is the tens digit of 5857726?
2
What is the hundred thousands digit of 127102?
1
What is the hundreds digit of 304126?
1
What is the tens digit of 1327768?
6
What is the millions digit of 9848296?
9
What is the tens digit of 85348?
4
What is the hundreds digit of 1222681?
6
What is the tens digit of 1645242?
4
What is the hundred thousands digit of 1149951?
1
What is the millions digit of 1823281?
1
What is the tens digit of 299391?
9
What is the tens digit of 224174?
7
What is the thousands digit of 294730?
4
What is the hundreds digit of 226948?
9
What is the units digit of 2647755?
5
What is the millions digit of 4279646?
4
What is the thousands digit of 960199?
0
What is the ten thousands digit of 50464?
5
What is the ten thousands digit of 5838018?
3
What is the tens digit of 385013?
1
What is the thousands digit of 85591?
5
What is the thousands digit of 2060807?
0
What is the ten thousands digit of 45205406?
0
What is the hundred thousands digit of 244788?
2
What is the hundreds digit of 153266?
2
What is the thousands digit of 1605252?
5
What is the tens digit of 17921863?
6
What is the hundreds digit of 467186?
1
What is the hundred thousands digit of 165673?
1
What is the hundred thousands digit of 371352?
3
What is the hundred thousands digit of 1689318?
6
What is the ten thousands digit of 2343989?
4
What is the thousands digit of 13211563?
1
What is the tens digit of 1543631?
3
What is the hundred thousands digit of 18156367?
1
What is the ten thousands digit of 347777?
4
What is the thousands digit of 2207154?
7
What is the thousands digit of 578121?
8
What is the thousands digit of 877097?
7
What is the thousands digit of 17337?
7
What is the hundreds digit of 2941529?
5
What is the units digit of 279432?
2
What is the units digit of 852571?
1
What is the units digit of 241808?
8
What is the ten thousands digit of 1176719?
7
What is the hundreds digit of 3402147?
1
What is the hundreds digit of 242562?
5
What is the hundred thousands digit of 498375?
4
What is the thousands digit of 1507768?
7
What is the thousands digit of 597499?
7
What is the tens digit of 4484013?
1
What is the ten thousands digit of 3765196?
6
What is the tens digit of 177863?
6
What is the tens digit of 6129498?
9
What is the hundred thousands digit of 4900344?
9
What is the hundreds digit of 4507018?
0
What is the ten thousands digit of 1058903?
5
What is the hundreds digit of 61477?
4
What is the thousands digit of 531816?
1
What is the tens digit of 801598?
9
What is the ten thousands digit of 1100863?
0
What is the tens digit of 375695?
9
What is the hundreds digit of 8159474?
4
What is the thousands digit of 1412131?
2
What is the units digit of 4522334?
4
What is the thousands digit of 11300516?
0
What is the tens digit of 183200?
0
What is the hundred thousands digit of 380333?
3
What is the ten thousands digit of 212372?
1
What is the thousands digit of 18475?
8
What is the tens digit of 6844037?
3
What is the hundred thousands digit of 5125019?
1
What is the tens digit of 5068123?
2
What is the millions digit of 1520368?
1
What is the hundred thousands digit of 265486?
2
What is the units digit of 910528?
8
What is the units digit of 479120?
0
What is the hundred thousands digit of 120539?
1
What is the hundreds digit of 164068?
0
What is the hundreds digit of 7685400?
4
What is the thousands digit of 359538?
9
What is the ten thousands digit of 18449277?
4
What is the tens digit of 19578588?
8
What is the tens digit of 713651?
5
What is the hundred thousands digit of 950257?
9
What is the hundred thousands digit of 1639724?
6
What is the hundred thousands digit of 215630?
2
What is the hundred thousands digit of 6178363?
1
What is the hundreds digit of 9055249?
2
What is the tens digit of 611530?
3
What is the millions digit of 20437783?
0
What is the ten thousands digit of 443651?
4
What is the ten millions digit of 27224539?
2
What is the ten thousands digit of 175096?
7
What is the hundred thousands digit of 292208?
2
What is the units digit of 4330465?
5
What is the thousands digit of 5582637?
2
What is the thousands digit of 103057?
3
What is the tens digit of 7847563?
6
What is the hundred thousands digit of 158683?
1
What is the ten thousands digit of 484683?
8
What is the hundred thousands digit of 3194764?
1
What is the millions digit of 2120597?
2
What is the tens digit of 4585500?
0
What is the units digit of 1156646?
6
What is the ten thousands digit of 2274556?
7
What is the tens digit of 847234?
3
What is the units digit of 7725260?
0
What is the tens digit of 179127?
2
What is the tens digit of 50057?
5
What is the hundred thousands digit of 642503?
6
What is the tens digit of 1168336?
3
What is the thousands digit of 10010171?
0
What is the thousands digit of 2182187?
2
What is the thousands digit of 1439383?
9
What is the units digit of 11982666?
6
What is the ten thousands digit of 8394058?
9
What is the hundreds digit of 2568059?
0
What is the tens digit of 621508?
0
What is the ten thousands digit of 251158?
5
What is the units digit of 85446?
6
What is the ten thousands digit of 953643?
5
What is the tens digit of 8397562?
6
What is the units digit of 971614?
4
What is the tens digit of 675897?
9
What is the thousands digit of 887879?
7
What is the units digit of 38300760?
0
What is the hundred thousands digit of 896580?
8
What is the millions digit of 1285805?
1
What is the thousands digit of 542080?
2
What is the tens digit of 2787685?
8
What is the hundreds digit of 969258?
2
What is the hundreds digit of 370794?
7
What is the thousands digit of 10212954?
2
What is the hundreds digit of 451940?
9
What is the units digit of 493524?
4
What is the hundreds digit of 5098197?
1
What is the thousands digit of 34579?
4
What is the millions digit of 26891509?
6
What is the units digit of 2791053?
3
What is the hundreds digit of 2498598?
5
What is the hundreds digit of 225018?
0
What is the tens digit of 16884391?
9
What is the ten thousands digit of 1450767?
5
What is the hundred thousands digit of 4446308?
4
What is the tens digit of 1925328?
2
What is the ten thousands digit of 11256851?
5
What is the hundred thousands digit of 157207?
1
What is the thousands digit of 844872?
4
What is the hundreds digit of 8395528?
5
What is the units digit of 34859?
9
What is the hundred thousands digit of 433279?
4
What is the units digit of 318626?
6
What is the units digit of 775350?
0
What is the millions digit of 1601078?
1
What is the ten thousands digit of 236010?
3
What is the ten thousands digit of 4612032?
1
What is the ten thousands digit of 105376?
0
What is the hundreds digit of 8610628?
6
What is the hundreds digit of 2516386?
3
What is the hundreds digit of 1014189?
1
What is the units digit of 2611966?
6
What is the thousands digit of 101374?
1
What is the ten thousands digit of 441203?
4
What is the thousands digit of 2163936?
3
What is the ten thousands digit of 113495?
1
What is the tens digit of 3270779?
7
What is the hundred thousands digit of 740711?
7
What is the millions digit of 3081556?
3
What is the tens digit of 210712?
1
What is the thousands digit of 469693?
9
What is the hundred thousands digit of 985409?
9
What is the units digit of 76542?
2
What is the thousands digit of 698073?
8
What is the hundred thousands digit of 19401949?
4
What is the millions digit of 1838565?
1
What is the tens digit of 5699451?
5
What is the hundreds digit of 16760762?
7
What is the hundred thousands digit of 4641594?
6
What is the millions digit of 2762469?
2
What is the units digit of 5489103?
3
What is the millions digit of 7411349?
7
What is the tens digit of 249100?
0
What is the hundreds digit of 645768?
7
What is the millions digit of 